{"id":27,"date":"2024-01-10T23:49:35","date_gmt":"2024-01-10T23:49:35","guid":{"rendered":"https:\/\/gingelemec.com\/?page_id=27"},"modified":"2024-01-13T21:14:57","modified_gmt":"2024-01-13T21:14:57","slug":"gingelemec","status":"publish","type":"page","link":"https:\/\/gingelemec.com\/","title":{"rendered":""},"content":{"rendered":"\n<figure class=\"wp-block-image aligncenter size-full is-resized\"><img fetchpriority=\"high\" decoding=\"async\" src=\"https:\/\/gingelemec.com\/wp-content\/uploads\/2024\/01\/Blue-Modern-Electrical-Service-Billboard-Web-Ad.png\" alt=\"Baner GINGELEMEC\" class=\"wp-image-49\" width=\"1199\" height=\"309\" srcset=\"https:\/\/gingelemec.com\/wp-content\/uploads\/2024\/01\/Blue-Modern-Electrical-Service-Billboard-Web-Ad.png 970w, https:\/\/gingelemec.com\/wp-content\/uploads\/2024\/01\/Blue-Modern-Electrical-Service-Billboard-Web-Ad-300x77.png 300w, https:\/\/gingelemec.com\/wp-content\/uploads\/2024\/01\/Blue-Modern-Electrical-Service-Billboard-Web-Ad-768x198.png 768w\" sizes=\"(max-width: 1199px) 100vw, 1199px\" \/><\/figure>\n\n\n\n<p><\/p>\n\n\n\n<h2 class=\"wp-block-heading\" id=\"servicios\">Servicios<\/h2>\n\n\n\n<hr class=\"wp-block-separator has-alpha-channel-opacity is-style-wide\"\/>\n\n\n\n<div class=\"wp-block-columns alignwide is-layout-flex wp-container-core-columns-is-layout-d2da2050 wp-block-columns-is-layout-flex\" style=\"margin-bottom:0\">\n<div class=\"wp-block-column rectangulo has-text-color has-background has-link-color wp-elements-7763f654bce8ed4e1378afc79189cc13 is-layout-flow wp-block-column-is-layout-flow\" style=\"color:#000000;background-color:#ffe97d;padding-top:2em;padding-right:2em;padding-bottom:2em;padding-left:2em\">\n<figure class=\"wp-block-image aligncenter size-full\"><a href=\"https:\/\/gingelemec.com\/index.php\/2024\/01\/13\/ups-a-medida-para-tu-empresa\/\"><img decoding=\"async\" width=\"100\" height=\"100\" src=\"https:\/\/gingelemec.com\/wp-content\/uploads\/2024\/01\/ICONOS-100.png\" alt=\"Venta, instalaci\u00f3n y mantenimiento de UPS\" class=\"wp-image-29\"\/><\/a><\/figure>\n\n\n\n<p class=\"has-text-align-center has-normal-font-size\" style=\"line-height:1.5\"><strong>Venta, instalaci\u00f3n y mantenimiento de UPS<\/strong> <\/p>\n\n\n\n<hr class=\"wp-block-separator has-text-color has-css-opacity has-background is-style-wide\" style=\"background-color:#000000;color:#000000\"\/>\n\n\n\n<p class=\"has-normal-font-size\">Brindamos soluciones integrales en UPS para garantizar la continuidad y protecci\u00f3n de tus equipos. Desde la venta de sistemas de \u00faltima generaci\u00f3n hasta la instalaci\u00f3n y mantenimiento experto, nuestro equipo se encarga de mantener tus operaciones sin interrupciones.<\/p>\n\n\n\n<div class=\"wp-block-buttons alignfull is-horizontal is-content-justification-center is-layout-flex wp-container-core-buttons-is-layout-03627597 wp-block-buttons-is-layout-flex\">\n<div class=\"wp-block-button has-custom-width wp-block-button__width-100 boton\"><a class=\"wp-block-button__link has-white-color has-text-color has-background no-border-radius wp-element-button\" href=\"https:\/\/gingelemec.com\/index.php\/2024\/01\/13\/ups-a-medida-para-tu-empresa\/\" style=\"background-color:#000000\">Ver m\u00e1s<\/a><\/div>\n<\/div>\n<\/div>\n\n\n\n<div class=\"wp-block-column rectangulo has-text-color has-background has-link-color wp-elements-b335ddc6a9a5971ff422aba757bfb7e8 is-layout-flow wp-block-column-is-layout-flow\" style=\"color:#000000;background-color:#d1d1e1;padding-top:2em;padding-right:2em;padding-bottom:2em;padding-left:2em\">\n<figure class=\"wp-block-image aligncenter size-full\"><a href=\"https:\/\/gingelemec.com\/index.php\/2024\/01\/13\/sistemas-integrados-de-mediciones-electricas-a-la-medida-de-tu-empresa\/\"><img decoding=\"async\" width=\"100\" height=\"100\" src=\"https:\/\/gingelemec.com\/wp-content\/uploads\/2024\/01\/ICONOS-100-1.png\" alt=\"Sistemas integrados de mediciones el\u00e9ctricas\" class=\"wp-image-30\"\/><\/a><\/figure>\n\n\n\n<p class=\"has-text-align-center has-normal-font-size\" style=\"line-height:1.5\"><strong>Sistemas integrados de mediciones el\u00e9ctricas<\/strong><\/p>\n\n\n\n<hr class=\"wp-block-separator has-css-opacity is-style-wide\"\/>\n\n\n\n<p class=\"has-normal-font-size\">Ofrecemos sistemas integrados de mediciones el\u00e9ctricas dise\u00f1ados para proporcionar un control preciso y eficiente de la energ\u00eda. Desde la adquisici\u00f3n de datos hasta el an\u00e1lisis en tiempo real, nuestros sistemas garantizan una supervisi\u00f3n integral para optimizar el rendimiento energ\u00e9tico y asegurar la fiabilidad de tus procesos el\u00e9ctricos. <\/p>\n\n\n\n<div class=\"wp-block-buttons alignfull is-horizontal is-content-justification-center is-layout-flex wp-container-core-buttons-is-layout-03627597 wp-block-buttons-is-layout-flex\">\n<div class=\"wp-block-button has-custom-width wp-block-button__width-100 is-style-fill boton\"><a class=\"wp-block-button__link has-white-color has-text-color has-background no-border-radius wp-element-button\" href=\"https:\/\/gingelemec.com\/index.php\/2024\/01\/13\/sistemas-integrados-de-mediciones-electricas-a-la-medida-de-tu-empresa\/\" style=\"background-color:#000000\">Ver m\u00e1s<\/a><\/div>\n<\/div>\n<\/div>\n\n\n\n<div class=\"wp-block-column rectangulo has-text-color has-background has-link-color wp-elements-6ce64bced507eacc522197ab2f682e16 is-layout-flow wp-block-column-is-layout-flow\" style=\"color:#000000;background-color:#c0ebf1;padding-top:2em;padding-right:2em;padding-bottom:2em;padding-left:2em\">\n<figure class=\"wp-block-image aligncenter size-full\"><a href=\"https:\/\/gingelemec.com\/index.php\/2024\/01\/13\/garantiza-la-estabilidad-con-gingelemec-estudios-de-calidad-de-la-energia-para-tu-empresa\/\"><img loading=\"lazy\" decoding=\"async\" width=\"100\" height=\"100\" src=\"https:\/\/gingelemec.com\/wp-content\/uploads\/2024\/01\/ICONOS-100-2.png\" alt=\"Estudios de calidad de la energ\u00eda\" class=\"wp-image-31\"\/><\/a><\/figure>\n\n\n\n<p class=\"has-text-align-center has-normal-font-size\"><strong>Estudios de calidad de la energ\u00eda<\/strong><\/p>\n\n\n\n<hr class=\"wp-block-separator has-css-opacity is-style-wide\"\/>\n\n\n\n<p class=\"has-normal-font-size\">Realizamos estudios exhaustivos de calidad de la energ\u00eda para garantizar un suministro el\u00e9ctrico eficiente y confiable. Nuestros expertos analizan y eval\u00faan la calidad del suministro, identificando posibles problemas como fluctuaciones, arm\u00f3nicos o picos de voltaje. Con nuestros estudios, obt\u00e9n informaci\u00f3n detallada para optimizar la calidad de la energ\u00eda en tu sistema.<\/p>\n\n\n\n<div class=\"wp-block-buttons alignfull is-horizontal is-content-justification-center is-layout-flex wp-container-core-buttons-is-layout-03627597 wp-block-buttons-is-layout-flex\">\n<div class=\"wp-block-button has-custom-width wp-block-button__width-100 boton\"><a class=\"wp-block-button__link has-white-color has-text-color has-background no-border-radius wp-element-button\" href=\"https:\/\/gingelemec.com\/index.php\/2024\/01\/13\/garantiza-la-estabilidad-con-gingelemec-estudios-de-calidad-de-la-energia-para-tu-empresa\/\" style=\"background-color:#000000\">Ver m\u00e1s<\/a><\/div>\n<\/div>\n<\/div>\n<\/div>\n\n\n\n<div class=\"wp-block-columns alignwide is-layout-flex wp-container-core-columns-is-layout-d2da2050 wp-block-columns-is-layout-flex\" style=\"margin-bottom:0\">\n<div class=\"wp-block-column rectangulo has-text-color has-background has-link-color wp-elements-d95af6def5c8e066858759cb5397c82b is-layout-flow wp-block-column-is-layout-flow\" style=\"color:#000000;background-color:#ffe97d;padding-top:2em;padding-right:2em;padding-bottom:2em;padding-left:2em\">\n<figure class=\"wp-block-image aligncenter size-full\"><a href=\"https:\/\/gingelemec.com\/index.php\/2024\/01\/13\/optimiza-tu-control-con-gingelemec-diseno-y-fabricacion-de-tableros-electricos-a-medida\/\"><img loading=\"lazy\" decoding=\"async\" width=\"100\" height=\"100\" src=\"https:\/\/gingelemec.com\/wp-content\/uploads\/2024\/01\/talero1.png\" alt=\"\" class=\"wp-image-119\"\/><\/a><\/figure>\n\n\n\n<p class=\"has-text-align-center has-normal-font-size\" style=\"line-height:1.5\"><strong>Tableros el\u00e9ctricos<\/strong> <\/p>\n\n\n\n<hr class=\"wp-block-separator has-text-color has-css-opacity has-background is-style-wide\" style=\"background-color:#000000;color:#000000\"\/>\n\n\n\n<p class=\"has-normal-font-size\">Descubre la excelencia en el control el\u00e9ctrico con nuestros tableros el\u00e9ctricos. Dise\u00f1ados con precisi\u00f3n y calidad, nuestros tableros ofrecen una distribuci\u00f3n eficiente de energ\u00eda, garantizando la seguridad y confiabilidad de tus instalaciones. Cubrimos desde tableros de distribuci\u00f3n hasta sistemas de control avanzado,.<\/p>\n\n\n\n<div class=\"wp-block-buttons alignfull is-horizontal is-content-justification-center is-layout-flex wp-container-core-buttons-is-layout-03627597 wp-block-buttons-is-layout-flex\">\n<div class=\"wp-block-button has-custom-width wp-block-button__width-100 boton\"><a class=\"wp-block-button__link has-white-color has-text-color has-background no-border-radius wp-element-button\" href=\"https:\/\/gingelemec.com\/index.php\/2024\/01\/13\/optimiza-tu-control-con-gingelemec-diseno-y-fabricacion-de-tableros-electricos-a-medida\/\" style=\"background-color:#000000\">Ver m\u00e1s<\/a><\/div>\n<\/div>\n<\/div>\n\n\n\n<div class=\"wp-block-column rectangulo has-text-color has-background has-link-color wp-elements-fde7d08ad4c90725fd5723e0df1edd71 is-layout-flow wp-block-column-is-layout-flow\" style=\"color:#000000;background-color:#d1d1e1;padding-top:2em;padding-right:2em;padding-bottom:2em;padding-left:2em\">\n<figure class=\"wp-block-image aligncenter size-full\"><a href=\"https:\/\/gingelemec.com\/index.php\/2024\/01\/13\/potencia-y-eficiencia-para-tu-industria-con-gingelemec-instalaciones-electricas-industriales-de-calidad\/\"><img loading=\"lazy\" decoding=\"async\" width=\"100\" height=\"100\" src=\"https:\/\/gingelemec.com\/wp-content\/uploads\/2024\/01\/ICONOS-100-3.png\" alt=\"Instalaciones el\u00e9ctricas Industriales\" class=\"wp-image-32\"\/><\/a><\/figure>\n\n\n\n<p class=\"has-text-align-center has-normal-font-size\" style=\"line-height:1.5\"><strong>Instalaciones el\u00e9ctricas Industriales<\/strong><\/p>\n\n\n\n<hr class=\"wp-block-separator has-css-opacity is-style-wide\"\/>\n\n\n\n<p class=\"has-normal-font-size\">Nos especializamos en el dise\u00f1o e implementaci\u00f3n de instalaciones el\u00e9ctricas industriales de vanguardia. Desde la planificaci\u00f3n hasta la ejecuci\u00f3n, nuestro equipo altamente capacitado ofrece soluciones el\u00e9ctricas personalizadas para satisfacer las demandas espec\u00edficas de tu industria. <\/p>\n\n\n\n<div class=\"wp-block-buttons alignfull is-horizontal is-content-justification-center is-layout-flex wp-container-core-buttons-is-layout-03627597 wp-block-buttons-is-layout-flex\">\n<div class=\"wp-block-button has-custom-width wp-block-button__width-100 is-style-fill boton\"><a class=\"wp-block-button__link has-white-color has-text-color has-background no-border-radius wp-element-button\" href=\"https:\/\/gingelemec.com\/index.php\/2024\/01\/13\/potencia-y-eficiencia-para-tu-industria-con-gingelemec-instalaciones-electricas-industriales-de-calidad\/\" style=\"background-color:#000000\">Ver m\u00e1s<\/a><\/div>\n<\/div>\n<\/div>\n\n\n\n<div class=\"wp-block-column rectangulo has-text-color has-background has-link-color wp-elements-6ab89370d48beeff8c2c9815b165003f is-layout-flow wp-block-column-is-layout-flow\" style=\"color:#000000;background-color:#c0ebf1;padding-top:2em;padding-right:2em;padding-bottom:2em;padding-left:2em\">\n<figure class=\"wp-block-image aligncenter size-full\"><a href=\"https:\/\/gingelemec.com\/index.php\/2024\/01\/13\/eficiencia-y-control-total-con-gingelemec-soluciones-avanzadas-en-automatismos-para-tu-empresa\/\"><img loading=\"lazy\" decoding=\"async\" width=\"100\" height=\"100\" src=\"https:\/\/gingelemec.com\/wp-content\/uploads\/2024\/01\/ICONOS-100-2-1.png\" alt=\"Automatismos\" class=\"wp-image-34\"\/><\/a><\/figure>\n\n\n\n<p class=\"has-text-align-center has-normal-font-size\"><strong>Automatismos<\/strong><\/p>\n\n\n\n<hr class=\"wp-block-separator has-css-opacity is-style-wide\"\/>\n\n\n\n<p class=\"has-normal-font-size\">Potenciamos la eficiencia y la automatizaci\u00f3n en tus procesos con soluciones avanzadas de automatismos. Desde sistemas de control industrial hasta integraci\u00f3n de tecnolog\u00edas inteligentes, nuestros automatismos est\u00e1n dise\u00f1ados para optimizar la productividad y reducir costos operativos. <\/p>\n\n\n\n<div class=\"wp-block-buttons alignfull is-horizontal is-content-justification-center is-layout-flex wp-container-core-buttons-is-layout-03627597 wp-block-buttons-is-layout-flex\">\n<div class=\"wp-block-button has-custom-width wp-block-button__width-100 boton\"><a class=\"wp-block-button__link has-white-color has-text-color has-background no-border-radius wp-element-button\" href=\"https:\/\/gingelemec.com\/index.php\/2024\/01\/13\/eficiencia-y-control-total-con-gingelemec-soluciones-avanzadas-en-automatismos-para-tu-empresa\/\" style=\"background-color:#000000\">Ver m\u00e1s<\/a><\/div>\n<\/div>\n<\/div>\n<\/div>\n\n\n\n<hr class=\"wp-block-separator has-alpha-channel-opacity is-style-wide\"\/>\n\n\n\n<h2 class=\"wp-block-heading has-text-align-center\" id=\"contacto\">C<strong>ont\u00e1ctanos<\/strong><\/h2>\n\n\n\n<hr class=\"wp-block-separator has-alpha-channel-opacity is-style-wide\"\/>\n\n\n<div class=\"frm_forms  with_frm_style frm_style_estilos-formidable\" id=\"frm_form_1_container\" >\n<form enctype=\"multipart\/form-data\" method=\"post\" class=\"frm-show-form \" id=\"form_contact-form\" >\n<div class=\"frm_form_fields \">\n<fieldset>\n<legend class=\"frm_screen_reader\">Contacto<\/legend>\r\n\r\n<div class=\"frm_fields_container\">\n<input type=\"hidden\" name=\"frm_action\" value=\"create\" \/>\n<input type=\"hidden\" name=\"form_id\" value=\"1\" \/>\n<input type=\"hidden\" name=\"frm_hide_fields_1\" id=\"frm_hide_fields_1\" value=\"\" \/>\n<input type=\"hidden\" name=\"form_key\" value=\"contact-form\" \/>\n<input type=\"hidden\" name=\"item_meta[0]\" value=\"\" \/>\n<input type=\"hidden\" id=\"frm_submit_entry_1\" name=\"frm_submit_entry_1\" value=\"b0dd831bd2\" \/><input type=\"hidden\" name=\"_wp_http_referer\" value=\"\/index.php\/wp-json\/wp\/v2\/pages\/27\" \/><div id=\"frm_field_1_container\" class=\"frm_form_field form-field  frm_required_field frm_top_container frm_first frm_half\">\r\n    <label for=\"field_qh4icy\" id=\"field_qh4icy_label\" class=\"frm_primary_label\">Nombre\r\n        <span class=\"frm_required\" aria-hidden=\"true\">*<\/span>\r\n    <\/label>\r\n    <input type=\"text\" id=\"field_qh4icy\" name=\"item_meta[1]\" value=\"\"  placeholder=\"Nombres\" data-reqmsg=\"Este campo no puede estar en blanco.\" aria-required=\"true\" data-invmsg=\"Name no es v\u00e1lido\" aria-invalid=\"false\"   aria-describedby=\"frm_desc_field_qh4icy\"\/>\r\n    <div class=\"frm_description\" id=\"frm_desc_field_qh4icy\">First<\/div>\r\n    \r\n<\/div>\n<div id=\"frm_field_2_container\" class=\"frm_form_field form-field  frm_required_field frm_hidden_container frm_half\">\r\n    <label for=\"field_ocfup1\" id=\"field_ocfup1_label\" class=\"frm_primary_label\">Apellido\r\n        <span class=\"frm_required\" aria-hidden=\"true\">*<\/span>\r\n    <\/label>\r\n    <input type=\"text\" id=\"field_ocfup1\" name=\"item_meta[2]\" value=\"\"  placeholder=\"Apellido\" data-reqmsg=\"Este campo no puede estar en blanco.\" aria-required=\"true\" data-invmsg=\"Last no es v\u00e1lido\" aria-invalid=\"false\"   aria-describedby=\"frm_desc_field_ocfup1\"\/>\r\n    <div class=\"frm_description\" id=\"frm_desc_field_ocfup1\">Last<\/div>\r\n    \r\n<\/div>\n<div id=\"frm_field_3_container\" class=\"frm_form_field form-field  frm_required_field frm_top_container frm_full\">\r\n    <label for=\"field_29yf4d\" id=\"field_29yf4d_label\" class=\"frm_primary_label\">Email\r\n        <span class=\"frm_required\" aria-hidden=\"true\">*<\/span>\r\n    <\/label>\r\n    <input type=\"email\" id=\"field_29yf4d\" name=\"item_meta[3]\" value=\"\"  placeholder=\"tumail@mail.com\" data-reqmsg=\"Este campo no puede estar en blanco.\" aria-required=\"true\" data-invmsg=\"Please enter a valid email address\" aria-invalid=\"false\"  \/>\r\n    \r\n    \r\n<\/div>\n<div id=\"frm_field_6_container\" class=\"frm_form_field form-field  frm_required_field frm_top_container frm12 frm_first\">\r\n    <label for=\"field_wwbjz\" id=\"field_wwbjz_label\" class=\"frm_primary_label\">Tel\u00e9fono\r\n        <span class=\"frm_required\" aria-hidden=\"true\">*<\/span>\r\n    <\/label>\r\n    <input type=\"tel\" id=\"field_wwbjz\" name=\"item_meta[6]\" value=\"\"  placeholder=\"0000-000000\" data-reqmsg=\"Tel\u00e9fono no puede estar en blanco.\" aria-required=\"true\" data-invmsg=\"Tel\u00e9fono no es v\u00e1lido\" aria-invalid=\"false\" pattern=\"((\\+\\d{1,3}(-|.| )?\\(?\\d\\)?(-| |.)?\\d{1,5})|(\\(?\\d{2,6}\\)?))(-|.| )?(\\d{3,4})(-|.| )?(\\d{4})(( x| ext)\\d{1,5}){0,1}$\"   aria-describedby=\"frm_desc_field_wwbjz\"\/>\r\n    <div class=\"frm_description\" id=\"frm_desc_field_wwbjz\">Coloque en detalle su n\u00famero de tel\u00e9fono .<\/div>\r\n    \r\n<\/div>\n<div id=\"frm_field_4_container\" class=\"frm_form_field form-field  frm_required_field frm_top_container frm_full\">\r\n    <label for=\"field_e6lis6\" id=\"field_e6lis6_label\" class=\"frm_primary_label\">Empresa\r\n        <span class=\"frm_required\" aria-hidden=\"true\">*<\/span>\r\n    <\/label>\r\n    <input type=\"text\" id=\"field_e6lis6\" name=\"item_meta[4]\" value=\"\"  placeholder=\"Mi Empresa SA\" data-reqmsg=\"Este campo no puede estar en blanco.\" aria-required=\"true\" data-invmsg=\"Subject no es v\u00e1lido\" aria-invalid=\"false\"  \/>\r\n    \r\n    \r\n<\/div>\n<div id=\"frm_field_5_container\" class=\"frm_form_field form-field  frm_required_field frm_top_container frm12 frm_first\">\r\n    <label for=\"field_9jv0r1\" id=\"field_9jv0r1_label\" class=\"frm_primary_label\">Mensaje\r\n        <span class=\"frm_required\" aria-hidden=\"true\">*<\/span>\r\n    <\/label>\r\n    <textarea name=\"item_meta[5]\" id=\"field_9jv0r1\" rows=\"5\"  placeholder=\"Hola GINGELEMEC\" data-reqmsg=\"Este campo no puede estar en blanco.\" aria-required=\"true\" data-invmsg=\"Mensaje no es v\u00e1lido\" aria-invalid=\"false\"   aria-describedby=\"frm_desc_field_9jv0r1\"><\/textarea>\r\n    <div class=\"frm_description\" id=\"frm_desc_field_9jv0r1\">Coloque detalladamente su consulta. Tambi\u00e9n puede contactarnos al Cel. +54 9 3756 469699 . Mail. ventas@gingelemec.com<\/div>\r\n    \r\n<\/div>\n\t<input type=\"hidden\" name=\"item_key\" value=\"\" \/>\n\t\t\t<div id=\"frm_field_7_container\">\n\t\t\t<label for=\"field_mstgb\" >\n\t\t\t\tSi eres humano, deja este campo en blanco.\t\t\t<\/label>\n\t\t\t<input  id=\"field_mstgb\" type=\"text\" class=\"frm_form_field form-field frm_verify\" name=\"item_meta[7]\" value=\"\"  \/>\n\t\t<\/div>\n\t\t<input name=\"frm_state\" type=\"hidden\" value=\"hMawGahr0PwFOxEpDbWIK5zgp7DVWI4Cu896fbmKviw=\" \/><div class=\"frm_submit frm_flex\">\r\n<button class=\"frm_button_submit\" type=\"submit\"  >Enviar<\/button>\r\n\r\n\r\n\r\n<\/div><\/div>\n<\/fieldset>\n<\/div>\n\n<p style=\"display: none !important;\" class=\"akismet-fields-container\" data-prefix=\"ak_\"><label>&#916;<textarea name=\"ak_hp_textarea\" cols=\"45\" rows=\"8\" maxlength=\"100\"><\/textarea><\/label><input type=\"hidden\" id=\"ak_js_1\" name=\"ak_js\" value=\"204\"\/><script>document.getElementById( \"ak_js_1\" ).setAttribute( \"value\", ( new Date() ).getTime() );<\/script><\/p><\/form>\n<\/div>\n","protected":false},"excerpt":{"rendered":"<p>Servicios Venta, instalaci\u00f3n y mantenimiento de UPS Brindamos soluciones integrales en UPS para garantizar la continuidad y protecci\u00f3n de tus [&hellip;]<\/p>\n","protected":false},"author":1,"featured_media":0,"parent":0,"menu_order":0,"comment_status":"closed","ping_status":"closed","template":"","meta":{"site-sidebar-layout":"default","site-content-layout":"","ast-site-content-layout":"","site-content-style":"default","site-sidebar-style":"default","ast-global-header-display":"","ast-banner-title-visibility":"","ast-main-header-display":"","ast-hfb-above-header-display":"","ast-hfb-below-header-display":"","ast-hfb-mobile-header-display":"","site-post-title":"disabled","ast-breadcrumbs-content":"","ast-featured-img":"","footer-sml-layout":"","theme-transparent-header-meta":"","adv-header-id-meta":"","stick-header-meta":"","header-above-stick-meta":"","header-main-stick-meta":"","header-below-stick-meta":"","astra-migrate-meta-layouts":"default","ast-page-background-enabled":"default","ast-page-background-meta":{"desktop":{"background-color":"var(--ast-global-color-4)","background-image":"","background-repeat":"repeat","background-position":"center center","background-size":"auto","background-attachment":"scroll","background-type":"","background-media":"","overlay-type":"","overlay-color":"","overlay-gradient":""},"tablet":{"background-color":"","background-image":"","background-repeat":"repeat","background-position":"center center","background-size":"auto","background-attachment":"scroll","background-type":"","background-media":"","overlay-type":"","overlay-color":"","overlay-gradient":""},"mobile":{"background-color":"","background-image":"","background-repeat":"repeat","background-position":"center center","background-size":"auto","background-attachment":"scroll","background-type":"","background-media":"","overlay-type":"","overlay-color":"","overlay-gradient":""}},"ast-content-background-meta":{"desktop":{"background-color":"var(--ast-global-color-5)","background-image":"","background-repeat":"repeat","background-position":"center center","background-size":"auto","background-attachment":"scroll","background-type":"","background-media":"","overlay-type":"","overlay-color":"","overlay-gradient":""},"tablet":{"background-color":"var(--ast-global-color-5)","background-image":"","background-repeat":"repeat","background-position":"center center","background-size":"auto","background-attachment":"scroll","background-type":"","background-media":"","overlay-type":"","overlay-color":"","overlay-gradient":""},"mobile":{"background-color":"var(--ast-global-color-5)","background-image":"","background-repeat":"repeat","background-position":"center center","background-size":"auto","background-attachment":"scroll","background-type":"","background-media":"","overlay-type":"","overlay-color":"","overlay-gradient":""}},"footnotes":""},"class_list":["post-27","page","type-page","status-publish","hentry"],"jetpack_sharing_enabled":true,"_links":{"self":[{"href":"https:\/\/gingelemec.com\/index.php\/wp-json\/wp\/v2\/pages\/27","targetHints":{"allow":["GET"]}}],"collection":[{"href":"https:\/\/gingelemec.com\/index.php\/wp-json\/wp\/v2\/pages"}],"about":[{"href":"https:\/\/gingelemec.com\/index.php\/wp-json\/wp\/v2\/types\/page"}],"author":[{"embeddable":true,"href":"https:\/\/gingelemec.com\/index.php\/wp-json\/wp\/v2\/users\/1"}],"replies":[{"embeddable":true,"href":"https:\/\/gingelemec.com\/index.php\/wp-json\/wp\/v2\/comments?post=27"}],"version-history":[{"count":20,"href":"https:\/\/gingelemec.com\/index.php\/wp-json\/wp\/v2\/pages\/27\/revisions"}],"predecessor-version":[{"id":120,"href":"https:\/\/gingelemec.com\/index.php\/wp-json\/wp\/v2\/pages\/27\/revisions\/120"}],"wp:attachment":[{"href":"https:\/\/gingelemec.com\/index.php\/wp-json\/wp\/v2\/media?parent=27"}],"curies":[{"name":"wp","href":"https:\/\/api.w.org\/{rel}","templated":true}]}}